50 (base 15) to base 8
-454
Convert -20 (base 3) to base 5.
-11
-1032 (base 4) to base 16
-4e
Convert 2220 (base 4) to base 15.
b3
What is 84 (base 13) in base 16?
6c
Convert -c (base 15) to base 7.
-15
Convert -311 (base 6) to base 10.
-115
Convert -1 (base 4) to base 3.
-1
Convert -10 (base 11) to base 6.
-15
What is 3 (base 7) in base 6?
3
What is aa (base 12) in base 13?
a0
Convert -210 (base 4) to base 9.
-40
Convert 31 (base 4) to base 11.
12
-2 (base 7) to base 13
-2
Convert 36 (base 13) to base 4.
231
What is -11 (base 9) in base 8?
-12
Convert 28 (base 11) to base 15.
20
What is -1 (base 11) in base 4?
-1
What is -14 (base 10) in base 14?
-10
16 (base 9) to base 12
13
Convert -20 (base 15) to base 11.
-28
57 (base 16) to base 9
106
2 (base 10) to base 15
2
What is 53 (base 7) in base 6?
102
Convert -10210 (base 3) to base 2.
-1100110
What is 42 (base 7) in base 14?
22
-2 (base 14) to base 11
-2
Convert -1212 (base 3) to base 2.
-110010
Convert -5 (base 12) to base 4.
-11
-d9 (base 14) to base 7
-362
2 (base 13) to base 3
2
Convert 4 (base 5) to base 14.
4
What is -132 (base 5) in base 7?
-60
7 (base 11) to base 3
21
Convert -91 (base 12) to base 11.
-9a
What is -1 (base 3) in base 12?
-1
Convert -2 (base 7) to base 16.
-2
Convert 4 (base 8) to base 2.
100
Convert 26 (base 9) to base 12.
20
What is -9 (base 15) in base 5?
-14
Convert -163 (base 15) to base 4.
-10332
What is -8 (base 15) in base 16?
-8
b3 (base 12) to base 5
1020
What is -1 (base 12) in base 3?
-1
1122 (base 5) to base 3
20000
Convert 1 (base 2) to base 10.
1
-10 (base 3) to base 2
-11
-7 (base 11) to base 9
-7
What is 142 (base 7) in base 2?
1001111
Convert -3 (base 7) to base 2.
-11
Convert 237 (base 9) to base 6.
524
Convert 51 (base 7) to base 11.
33
Convert -6 (base 14) to base 4.
-12
-2 (base 9) to base 16
-2
-210 (base 4) to base 8
-44
Convert 1 (base 13) to base 6.
1
Convert 10 (base 13) to base 10.
13
-a1 (base 12) to base 14
-89
-1001 (base 2) to base 8
-11
6 (base 15) to base 3
20
57 (base 13) to base 11
66
What is 4 (base 14) in base 3?
11
-101 (base 7) to base 15
-35
What is -3 (base 5) in base 6?
-3
What is a (base 14) in base 6?
14
-5 (base 13) to base 7
-5
Convert -300 (base 5) to base 2.
-1001011
Convert 262 (base 8) to base 12.
12a
Convert 20 (base 14) to base 5.
103
Convert -30 (base 6) to base 12.
-16
Convert -31 (base 11) to base 16.
-22
Convert 120 (base 3) to base 6.
23
What is 1 (base 12) in base 15?
1
What is -5 (base 8) in base 3?
-12
Convert -3 (base 14) to base 16.
-3
Convert 0 (base 5) to base 7.
0
Convert -11 (base 9) to base 11.
-a
Convert 1 (base 15) to base 12.
1
Convert -3 (base 11) to base 7.
-3
Convert -11 (base 3) to base 14.
-4
-20 (base 3) to base 6
-10
Convert 12 (base 6) to base 5.
13
Convert 22001 (base 3) to base 11.
188
-2 (base 8) to base 13
-2
Convert -32 (base 11) to base 8.
-43
5 (base 6) to base 5
10
-17 (base 12) to base 14
-15
Convert -121 (base 3) to base 7.
-22
Convert 37 (base 9) to base 8.
42
What is 5 (base 6) in base 15?
5
Convert 0 (base 16) to base 3.
0
410 (base 7) to base 11
175
What is -3 (base 10) in base 7?
-3
0 (base 12) to base 4
0
-4 (base 6) to base 13
-4
Convert -3 (base 12) to base 9.
-3
Convert -16 (base 10) to base 13.
-13
What is 0 (base 7) in base 15?
0
-162 (base 10) to base 15
-ac
-5 (base 11) to base 15
-5
What is 5 (base 13) in base 3?
12
-34 (base 5) to base 16
-13
What is -7 (base 10) in base 5?
-12
What is -18 (base 14) in base 8?
-26
Convert 23 (base 12) to base 16.
1b
Convert 0 (base 13) to base 14.
0
What is -138 (base 16) in base 11?
-264
What is 1a (base 11) in base 16?
15
Convert 102221 (base 3) to base 15.
167
What is 3a (base 11) in base 7?
61
Convert -4 (base 9) to base 2.
-100
What is 10 (base 8) in base 10?
8
Convert -2 (base 6) to base 7.
-2
-9 (base 16) to base 3
-100
28 (base 13) to base 12
2a
What is 1 (base 15) in base 13?
1
What is -6 (base 10) in base 5?
-11
Convert -230 (base 4) to base 5.
-134
Convert 26 (base 9) to base 11.
22
-222 (base 5) to base 12
-52
Convert -11 (base 8) to base 12.
-9
Convert -62 (base 9) to base 13.
-44
What is 2 (base 9) in base 4?
2
256 (base 10) to base 4
10000
1011 (base 2) to base 11
10
What is 4e (base 15) in base 8?
112
Convert 1 (base 7) to base 2.
1
Convert -1 (base 16) to base 15.
-1
5 (base 12) to base 7
5
What is -31 (base 5) in base 11?
-15
128 (base 10) to base 11
107
Convert -5 (base 6) to base 16.
-5
201 (base 4) to base 2
100001
Convert -1311 (base 6) to base 3.
-110021
Convert 0 (base 13) to base 7.
0
-b1 (base 13) to base 15
-99
What is -11 (base 8) in base 3?
-100
-b6 (base 13) to base 9
-175
Convert -53 (base 15) to base 5.
-303
b (base 12) to base 8
13
Convert -3 (base 11) to base 14.
-3
63 (base 12) to base 10
75
2a (base 11) to base 10
32
Convert 110010 (base 2) to base 15.
35
Convert 3 (base 11) to base 7.
3
9 (base 10) to base 5
14
4 (base 14) to base 2
100
Convert 553 (base 6) to base 14.
113
What is -2 (base 6) in base 14?
-2
Convert -2 (base 5) to base 4.
-2
What is 1000 (base 2) in base 10?
8
What is -2 (base 6) in base 3?
-2
Convert -56 (base 7) to base 15.
-2b
What is 29 (base 11) in base 12?
27
What is -5 (base 11) in base 16?
-5
What is 4 (base 10) in base 12?
4
100 (base 8) to base 4
1000
Convert 22 (base 8) to base 7.
24
-b3 (base 16) to base 13
-10a
What is 212 (base 4) in base 7?
53
What is -4 (base 9) in base 10?
-4
What is 31 (base 4) in base 10?
13
8 (base 12) to base 8
10
Convert -172 (base 14) to base 16.
-128
Convert 1 (base 12) to base 4.
1
Convert 114 (base 7) to base 11.
55
What is -2 (base 7) in base 2?
-10
Convert -6 (base 10) to base 11.
-6
-9 (base 16) to base 14
-9
What is 6 (base 7) in base 15?
6
Convert -5 (base 14) to base 9.
-5
23 (base 4) to base 6
15
-4 (base 14) to base 5
-4
16 (base 8) to base 7
20
Convert 21112 (base 3) to base 4.
3023
-100 (base 3) to base 11
-9
4 (base 15) to base 9
4
What is -201 (base 3) in base 13?
-16
Convert 3 (base 7) to base 9.
3
Convert -77 (base 14) to base 5.
-410
-2 (base 6) to base 11
-2
Convert 12 (base 7) to base 9.
10
Convert 101 (base 3) to base 9.
11
What is -30 (base 14) in base 8?
-52
15 (base 10) to base 3
120
Convert -10 (base 4) to base 5.
-4
What is 3 (base 13) in base 4?
3
Convert 1 (base 14) to base 4.
1
What is -2 (base 14) in base 16?
-2
a3 (base 13) to base 11
111
-434 (base 5) to base 4
-1313
What is 2 (base 4) in base 6?
2
Convert 2 (base 14) to base 8.
2
236 (base 10) to base 11
1a5
-110 (base 2) to base 10
-6
Convert cc (base 15) to base 13.
11a
1 (base 7) to base 5
1
What is 74 (base 15) in base 6?
301
What is 222 (base 5) in base 3?
2022
What is 20 (base 6) in base 7?
15
Convert 5 (base 11) to base 14.
5
17 (base 8) to base 3
120
What is -1 (base 11) in base 14?
-1
What is -89 (base 10) in base 9?
-108
What is 2 (base 16) in base 5?
2
Convert -11200 (base 3) to base 10.
-126
-2 (base 14) to base 10
-2
Convert 3 (base 14) to base 8.
3
Convert 12 (base 4) to base 10.
6
What is -296 (base 12) in base 7?
-1113
114 (base 9) to base 14
6a
What is -12 (base 3) in base 14?
-5
What is -242 (base 6) in base 7?
-200
Convert 14 (base 5) to base 7.
12
100000100 (base 2) to base 9
318
What is -1122 (base 4) in base 12?
-76
-4 (base 8) to base 7
-4
What is -109 (base 16) in base 3?
-100211
What is -154 (base 7) in base 5?
-323
Convert -5 (base 13) to base 15.
-5
What is -7 (base 15) in base 8?
-7
Convert -73 (base 9) to base 7.
-123
What is 130 (base 5) in base 2?
101000
Convert -11 (base 3) to base 11.
-4
Convert -10 (base 4) to base 14.
-4
Convert 12 (base 6) to base 7.
11
43 (base 10) to base 2
101011
What is 238 (base 10) in base 3?
22211
-b4 (base 12) to base 11
-114
Convert 0 (base 15) to base 7.
0
-1 (base 16) to base 5
-1
Convert 5 (base 15) to base 11.
5
-32 (base 6) to base 2
-10100
Convert -288 (base 9) to base 4.
-3302
22 (base 3) to base 4
20
What is -96 (base 15) in base 12?
-b9
What is 17 (base 15) in base 16?
16
-2102 (base 4) to base 11
-123
11 (base 2) to base 4
3
2 (base 11) to base 10
2
-12 (base 11) to base 10
-13
-3 (base 4) to base 3
-10
41 (base 7) to base 4
131
Convert 78 (base 9) to base 6.
155
Convert -144 (base 5) to base 4.
-301
Convert -13 (base 13) to base 2.
-10000
2d (base 16) to base 8
55
-10 (base 13) to base 